0). Let p be 18 - (-2 + 4 + c). What is the greatest common factor of 16 and p?
16
Let p = -6 + 10. Suppose 0 = p*z + 12, 3*a + 7 + 2 = -5*z. Calculate the highest common factor of a and 2.
2
Suppose 0 = -7*f + 9*f - 64. What is the greatest common factor of 4 and f?
4
Suppose 0 = -2*j - 9*j + 88. What is the greatest common factor of 40 and j?
8
Let j = 38 - 14. Calculate the greatest common factor of j and 3.
3
Let z be 3 + (-51)/(-18) + 3/18. Let w be (0 + -1)*(-5 - -3). What is the highest common factor of z and w?
2
Let n(c) = c**3 + 6*c**2 - 5*c - 2. Let w be n(-6). What is the highest common divisor of w and 4?
4
Let d = 4 - 2. Let s(z) = z**2 + 7*z + 12. Let k be s(-8). Suppose 5*r = -0*r + k. Calculate the greatest common factor of d and r.
2
Let y = 36 + -27. Let b(h) = -10*h + 5. Let i be b(-4). Calculate the greatest common divisor of y and i.
9
Let q = -27 + 28. Let k(j) = 4*j**2 + 1. Let u be k(1). What is the highest common factor of q and u?
1
Let j(u) = -u**3 - 15*u**2 - 16*u - 17. Let a be j(-14). Calculate the highest common divisor of 99 and a.
11
Let y(s) = s + 3. Let f be y(5). Let b be 2/6 + (-1)/3. Suppose 0 = j - 3*n - 23 + 1, -j - 4*n + 8 = b. What is the greatest common divisor of j and f?
8
Let d(m) = m**2 - 11*m + 12. Suppose 1 = b - l - 12, 0 = -5*b + 4*l + 62. Let v be d(b). What is the greatest common divisor of 5 and v?
1
Let r = -119 + 129. What is the highest common divisor of 25 and r?
5
Let y be (-4)/14 + (-1088)/14. Let o = -48 - y. What is the highest common factor of o and 12?
6
Let g = -6 + 11. Let x(q) = q - 12. Let i be x(9). Let d be i/(g + -2) - -21. What is the greatest common divisor of d and 5?
5
Let x(g) = g**2 - 15*g + 15. Let w be x(14). Calculate the highest common factor of 4 and w.
1
Suppose 0 = c - 0*c. Suppose -3*n - 16 + 52 = c. What is the greatest common divisor of n and 120?
12
Let g = 37 - 22. Calculate the greatest common factor of g and 6.
3
Let k = -59 + 103. What is the highest common factor of k and 4?
4
Suppose -962 = -3*k + 127. What is the highest common divisor of k and 33?
33
Let s(d) = -d**3 + 14*d**2 - 8*d - 14. Let i be s(14). Let y = -88 - i. What is the highest common divisor of y and 57?
19
Let i(o) = o**3 - 8*o**2 - 10*o + 7. Let j be i(9). Let y = 3 + j. Let n = 10 + y. Calculate the highest common divisor of n and 99.
11
Let w(p) = p**2 - 3*p + 4. Let d = 0 - -7. Let f be w(d). What is the highest common factor of f and 4?
4
Suppose -2 - 8 = -2*p - 2*q, 0 = -5*p - q + 25. Suppose -26 = -p*a + 44. Suppose 15*r + 84 = 18*r. Calculate the greatest common divisor of a and r.
14
Let t = -5 - 6. Let m = 16 + t. Suppose w = -4*i + 85, m*i + 6 - 116 = -2*w. Calculate the highest common factor of 50 and i.
10
Suppose 11*r = 15*r - 16. Suppose -2*z - 309 + 913 = -5*q, -r*z + 1196 = -4*q. Calculate the greatest common factor of 33 and z.
33
Let u = -51 - -179. Calculate the highest common factor of u and 16.
16
Let u = 870 - 1327. Let m be (-4)/(-6) - u/3. Let n = -6 + 23. Calculate the greatest common divisor of n and m.
17
Let t = 14 - 28. Let l(c) = c**2 + 8*c - 4. Let i be l(t). Calculate the highest common divisor of 10 and i.
10
Let l = 2 - 3. Let t be (-1*(-12)/l)/(-1). Let h be 252/45 + 4/10. Calculate the highest common divisor of h and t.
6
Let j be (-2 + (-3 - -4))*0. Suppose -5*i = 2*f - 63, i - f - 14 = -j*i. Calculate the greatest common factor of 52 and i.
13
Let r = -12 + 19. Let o = 99 + -43. What is the greatest common divisor of r and o?
7
Suppose 3*l = 4*l - 4. Let r be ((-4)/2)/((-2)/l). What is the highest common divisor of 10 and r?
2
Let n(r) = r**3 - 9*r**2 + 7*r + 6. Let a = 25 - 17. Let p be n(a). Let k = p + 5. What is the greatest common factor of k and 3?
3
Let v(w) = 2*w + 12. Let n be v(4). What is the highest common divisor of 10 and n?
10
Let h(w) = -w**3 + 9*w**2 - 13*w - 3. Let f be h(4). Calculate the highest common divisor of f and 5.
5
Suppose 12*h + 53 = 473. Calculate the highest common divisor of h and 70.
35
Suppose 2*r - 272 = -r - 4*s, -s = -4*r + 350. Calculate the greatest common divisor of 11 and r.
11
Let k = 20 - 18. Suppose l - 36 = -k*l. Calculate the highest common divisor of 24 and l.
12
Suppose -2*u = 4*r - 5*u - 33, -27 = -2*r + 5*u. Let l be (r + -3)*(3 + 0). Let d = -160 - -232. Calculate the greatest common divisor of l and d.
9
Suppose 6*m - 12 = 5*m. Calculate the highest common factor of 8 and m.
4
Suppose g - 12 = -0*g. Calculate the greatest common divisor of g and 6.
6
Suppose -3*j - j + 16 = 0. Let a be 392/6 + j/6. Calculate the highest common divisor of 6 and a.
6
Let f(i) = -24*i - 3. Suppose 2*s + 3*u - 4*u + 7 = 0, -2*s - 2*u + 2 = 0. Let k be f(s). What is the greatest common factor of 9 and k?
9
Suppose 214 = 5*w - 21. What is the greatest common factor of 517 and w?
47
Let y = 6 - 8. Let l be 31 - y - (1 + -1). Calculate the highest common divisor of l and 22.
11
Let d(i) be the first derivative of -3*i**2 - 14*i + 9. Let y be d(-5). What is the greatest common divisor of y and 24?
8
Let z be (-9 - -2)*(7 + -8). Calculate the highest common factor of z and 7.
7
Suppose -s + 38 = 5*u - 87, 15 = -3*s. Calculate the highest common factor of 26 and u.
26
Let j be 2 + -1 - (-7)/(-7). Let h = j + 5. What is the highest common factor of 2 and h?
1
Suppose 16*u = 17*u + 4. Let r be ((-14)/(-6))/(u/(-60)). What is the highest common factor of r and 5?
5
Let i(f) = f - 4. Let q be i(5). Let n(r) = 50*r**3 + 2*r**2 - 1. Let b be n(q). Calculate the highest common divisor of b and 34.
17
Let l(y) = 5*y**2 + 4*y - 3. Let v be l(-3). Calculate the highest common divisor of 90 and v.
30
Let i be 9/(-15) - 4/10. Let l be i/((3/(-1))/9). Let y(w) = 58*w + 2. Let r be y(l). What is the highest common factor of 16 and r?
16
Suppose 2*x - 134 = -d, 2*d + 0*x - 248 = x. Let t = 83 - 47. Let h = t + -22. Calculate the greatest common divisor of h and d.
14
Suppose 107 = 2*a - 0*v + v, -2*v = 10. What is the highest common factor of 126 and a?
14
Let k(r) = -48*r**3 - 3*r**2 - 3*r. Let v be k(-2). What is the greatest common divisor of 42 and v?
42
Suppose 20 = -4*v, 5*b = -3*v + v + 45. Let y(x) = -x**2 + 11*x + 4. Let u be y(b). What is the greatest common factor of u and 6?
2
Let f be (-1148)/(-6) + (-40)/(-60). What is the greatest common divisor of 24 and f?
24
Let c = -137 - -142. Let y be 141/4 + 2/(-8). Calculate the highest common divisor of c and y.
5
Let a = -412 - -637. Suppose -5*v + 192 = -v + 4*i, v - 42 = i. Suppose -3*t - v = -a. What is the highest common factor of 12 and t?
12
Suppose -2 = -a + 3. Suppose -3*r + 2*r + a = 0. Suppose -10 = -r*h + 340. What is the greatest common factor of 28 and h?
14
Suppose -5*v - 243 = -683. Suppose f - 8 = 3*f. Let x be (-135)/(-12) + 1/f. What is the highest common factor of v and x?
11
Suppose 0 = -5*x + 8 + 32. Let c(y) = -7*y + 8 - y**3 - 6*y**2 + 7*y**2 + 6*y**2. Let l be c(6). Calculate the greatest common divisor of l and x.
2
Let t = -6 - -15. Let q(a) = -a**3 - 9*a**2 - 11*a - 15. Let m be q(-8). What is the highest common divisor of t and m?
9
Let t(h) = 2*h**2 - 4*h + 2. Let j be t(2). Suppose -36 = -5*g - 4*x, -2*g + 24 = 2*g + 2*x. Calculate the highest common factor of g and j.
2
Let v = -169 - -274. Let i = 189 - v. Suppose 2*g + 10 = 34. Calculate the greatest common factor of i and g.
12
Let h be ((-112)/21)/(2/(-15)). What is the greatest common divisor of h and 8?
8
Suppose 0 = -3*u + 4*u, b = -5*u. Let g(m) = m**3 + m**2 + m + 70. Let v be g(b). Let k = v - 38. Calculate the greatest common divisor of 80 and k.
16
Let s(h) = 9*h**2 + 1. Let d be s(1). Suppose 4*p = 4*q + 44, 2*p - 5*q - 12 = 13. What is the highest common divisor of p and d?
10
Suppose 0*n + 280 = -5*n - 2*x, 4*n = -5*x - 207. Suppose 155 = -3*i - 199. Let l = n - i. Calculate the greatest common factor of l and 24.
12
Let j = 1253 + -835. Calculate the greatest common factor of 38 and j.
38
Let l(h) = -78*h - 1. Let t(v) = v. Let x be t(-1). Let s be l(x). Let m be 0 - (-44)/(-8)*-2. What is the greatest common divisor of s and m?
11
Let y be (4 - (-46)/(-12)) + (-190)/(-12). Calculate the highest common factor of y and 2.
2
Let h(k) = -k**3 - 9*k**2 - 5*k - 5*k + 20*k + 9. Let 